{"id":100,"date":"2026-05-03T08:51:05","date_gmt":"2026-05-03T08:51:05","guid":{"rendered":"https:\/\/maria-anelli.com\/?page_id=100"},"modified":"2026-08-25T18:25:46","modified_gmt":"2026-08-25T18:25:46","slug":"cori","status":"publish","type":"page","link":"https:\/\/maria-anelli.com\/index.php\/cori\/","title":{"rendered":"Cori"},"content":{"rendered":"<div class=\"style-782 style-local-100-c1 position-relative\" data-colibri-id=\"100-c1\">\n<div id=\"initial-content\" class=\"h-section h-section-global-spacing d-flex align-items-lg-center align-items-md-center align-items-center style-783 style-local-100-c2 position-relative\" data-colibri-component=\"section\" data-colibri-id=\"100-c2\"><br \/>\n<div class=\"h-section-grid-container h-section-boxed-container\">\n<div class=\"h-row-container gutters-row-lg-0 gutters-row-md-0 gutters-row-0 gutters-row-v-lg-0 gutters-row-v-md-0 gutters-row-v-0 style-791 style-local-100-c3 position-relative\" data-colibri-id=\"100-c3\">\n<div class=\"h-row justify-content-lg-center justify-content-md-center justify-content-center align-items-lg-stretch align-items-md-stretch align-items-stretch gutters-col-lg-0 gutters-col-md-0 gutters-col-0 gutters-col-v-lg-0 gutters-col-v-md-0 gutters-col-v-0\">\n<div class=\"h-column h-column-container d-flex h-col-lg-auto h-col-md-auto h-col-auto style-792-outer style-local-100-c4-outer\">\n<div class=\"d-flex h-flex-basis h-column__inner h-px-lg-0 h-px-md-0 h-px-0 v-inner-lg-0 v-inner-md-0 v-inner-0 style-792 style-local-100-c4 position-relative\" data-colibri-id=\"100-c4\">\n<div class=\"w-100 h-y-container h-column__content h-column__v-align flex-basis-100 align-self-lg-start align-self-md-start align-self-start\">\n<div class=\"h-global-transition-all h-heading style-794 style-local-100-c5 position-relative h-element\" data-colibri-id=\"100-c5\">\n<div class=\"h-heading__outer style-794 style-local-100-c5\">\n<h2 class=\"\">Coro Adulti<\/h2>\n<\/div>\n<\/div>\n<\/div>\n<\/div>\n<\/div>\n<\/div>\n<\/div>\n<div class=\"h-row-container gutters-row-lg-0 gutters-row-md-0 gutters-row-0 gutters-row-v-lg-0 gutters-row-v-md-0 gutters-row-v-0 style-795 style-local-100-c6 position-relative\" data-colibri-id=\"100-c6\">\n<div class=\"h-row justify-content-lg-center justify-content-md-center justify-content-center align-items-lg-stretch align-items-md-stretch align-items-stretch gutters-col-lg-0 gutters-col-md-0 gutters-col-0 gutters-col-v-lg-0 gutters-col-v-md-0 gutters-col-v-0\">\n<div class=\"h-column h-column-container d-flex h-col-lg-auto h-col-md-auto h-col-auto style-796-outer style-local-100-c7-outer\">\n<div class=\"d-flex h-flex-basis h-column__inner h-px-lg-0 h-px-md-0 h-px-0 v-inner-lg-0 v-inner-md-0 v-inner-0 style-796 style-local-100-c7 position-relative\" data-colibri-id=\"100-c7\"><br \/>\n<div class=\"w-100 h-y-container h-column__content h-column__v-align flex-basis-100 align-self-lg-start align-self-md-start align-self-start\">\n<div class=\"h-text h-text-component style-798 style-local-100-c8 position-relative h-element\" data-colibri-id=\"100-c8\"><br \/>\n<div class=\"\">\n<p>Il mio incontro con la direzione corale \u00e8 nato quasi per caso.\u00a0<\/p>\n<p>Dal 2011 ho avuto la possibilit\u00e0 di occuparmi della preparazione vocale del coro di Forum Italia presso l\u2019Istituto Italiano di Cultura di Monaco di Baviera.\u00a0<\/p>\n<p>Da quell\u2019esperienza \u00e8 nata una passione che mi ha portata, negli anni, a studiare e approfondire questa meravigliosa e affascinante disciplina.<\/p>\n<p>Da allora sono nati e cresciuti diversi cori: presso l\u2019Istituto Italiano di Cultura di Monaco, nelle sedi Caritas di Holzkirchen e Baldham e, per un periodo pi\u00f9 breve, presso le Volkshochschulen di Grafing e Markt Schwaben.<\/p>\n<p>Dirigere un coro significa per me molto pi\u00f9 che insegnare le note di una partitura. Significa ascoltare, respirare insieme, conoscere la propria voce e imparare a unirla a quella degli altri, armonizzandola senza perdere la propria<br \/>individualit\u00e0: tante voci diverse che imparano a diventare un unico suono.<\/p>\n<p>Ho ancora tanto da imparare \u2014 e credo che sia proprio questo a rendere questo percorso cos\u00ec affascinante.<\/p>\n<p>Nel frattempo facciamo musica. Forse non sempre perfetta, ma capace di regalarci emozioni, condivisione e tanta felicit\u00e0.<\/p>\n<p>Vuoi cantare con noi?<\/p>\n<p>Per informazioni sui cori, gli orari, le sedi e le modalit\u00e0 di partecipazione, clicca qui \u2192 [link ai cori].<\/p>\n<\/div>\n<\/div>\n<\/div>\n<\/div>\n<\/div>\n<\/div>\n<\/div>\n<div class=\"h-row-container gutters-row-lg-2 gutters-row-md-2 gutters-row-0 gutters-row-v-lg-2 gutters-row-v-md-2 gutters-row-v-2 style-803 style-local-100-c9 position-relative\" data-colibri-id=\"100-c9\">\n<div class=\"h-row justify-content-lg-center justify-content-md-center justify-content-center align-items-lg-stretch align-items-md-stretch align-items-stretch gutters-col-lg-2 gutters-col-md-2 gutters-col-0 gutters-col-v-lg-2 gutters-col-v-md-2 gutters-col-v-2\">\n<div class=\"h-column h-column-container d-flex h-col-lg-auto h-col-md-auto h-col-auto style-804-outer style-local-100-c10-outer\">\n<div class=\"d-flex h-flex-basis h-column__inner h-px-lg-0 h-px-md-0 h-px-0 v-inner-lg-0 v-inner-md-0 v-inner-0 style-804 style-local-100-c10 position-relative\" data-colibri-id=\"100-c10\"><br \/>\n<div class=\"w-100 h-y-container h-column__content h-column__v-align flex-basis-100 align-self-lg-start align-self-md-start align-self-start\">\n<div class=\"h-global-transition-all h-heading style-806 style-local-100-c11 position-relative h-element\" data-colibri-id=\"100-c11\">\n<div class=\"h-heading__outer style-806 style-local-100-c11\"><br \/>\n<h2 class=\"\">Coro bambini<\/h2>\n<\/div>\n<\/div>\n<\/div>\n<\/div>\n<\/div>\n<\/div>\n<\/div>\n<div class=\"h-row-container gutters-row-lg-0 gutters-row-md-0 gutters-row-0 gutters-row-v-lg-0 gutters-row-v-md-0 gutters-row-v-0 style-799 style-local-100-c12 position-relative\" data-colibri-id=\"100-c12\">\n<div class=\"h-row justify-content-lg-center justify-content-md-center justify-content-center align-items-lg-stretch align-items-md-stretch align-items-stretch gutters-col-lg-0 gutters-col-md-0 gutters-col-0 gutters-col-v-lg-0 gutters-col-v-md-0 gutters-col-v-0\">\n<div class=\"h-column h-column-container d-flex h-col-lg-auto h-col-md-auto h-col-auto style-800-outer style-local-100-c13-outer\">\n<div class=\"d-flex h-flex-basis h-column__inner h-px-lg-0 h-px-md-0 h-px-0 v-inner-lg-0 v-inner-md-0 v-inner-0 style-800 style-local-100-c13 position-relative\" data-colibri-id=\"100-c13\"><br \/>\n<div class=\"w-100 h-y-container h-column__content h-column__v-align flex-basis-100 align-self-lg-start align-self-md-start align-self-start\">\n<div class=\"h-text h-text-component style-802 style-local-100-c14 position-relative h-element\" data-colibri-id=\"100-c14\"><br \/>\n<div class=\"\">\n<p>Far cantare i bambini \u00e8 sempre stato qualcosa di naturale per me. Quando arrivai a Monaco nel <strong>2005<\/strong>, trovai quasi subito lavoro come insegnante di musica presso una famiglia, in cambio di una stanza. Fu un piccolo sogno:<br \/>vivevo nella mansarda di una grande casa e insegnavo musica a tre bambini. <strong>Un vero spasso!<\/strong><\/p>\n<p>Fu proprio allora che scoprii qualcosa che negli anni avrei ritrovato tante volte: i bambini mi seguivano con entusiasmo. <strong>Era come se la musica creasse tra noi un filo invisibile: io iniziavo a cantare e loro, quasi naturalmente, entravano nel gioco e mi seguivano.<\/strong><\/p>\n<p>Da quell\u2019esperienza arriv\u00f2 il lavoro in un asilo e, successivamente, la proposta di Forum Italia, presso l\u2019Istituto Italiano di Cultura di Monaco, di creare un coro di bambini. Ne nacquero addirittura tre, suddivisi per fasce d\u2019et\u00e0,<br \/>dai <strong>3 ai 15 anni<\/strong>. In seguito sono arrivati altri cori presso la scuola italo-tedesca Leonardo da Vinci e presso la Scuola Europea di Monaco.<\/p>\n<p>Oggi posso dire che lavorare musicalmente con i bambini \u00e8 una delle attivit\u00e0 che pi\u00f9 mi appartengono e che pi\u00f9 mi divertono.<\/p>\n<p>Credo sia fondamentale <strong>dare ai bambini un buon esempio vocale<\/strong>. Se ascoltano un suono sostenuto da una corretta tecnica, cercano spontaneamente di riprodurlo, naturalmente secondo le possibilit\u00e0 della loro voce e della<br \/>loro et\u00e0. La mia voce \u00e8 certamente uno degli strumenti del mio insegnamento, ma penso che la mia forza sia anche <strong>l\u2019energia che riesco a trasmettere e la fiducia che, poco alla volta, i bambini imparano ad avere in se stessi e nelle proprie capacit\u00e0.<\/strong><\/p>\n<p>Fare lezione con me, per\u00f2, <strong>non \u00e8 proprio una passeggiata!<\/strong> Chiedo molto: attenzione, flessibilit\u00e0 vocale e motoria, capacit\u00e0 di ascolto, fantasia e improvvisazione. Ma tutto avviene attraverso la musica, il movimento<br \/>e il gioco. Ed \u00e8 bellissimo vedere quanto i bambini riescano a dare quando sentono che qualcuno crede nelle loro possibilit\u00e0.<\/p>\n<p><strong>I risultati riescono sempre a sorprendermi. E credo che sorprendano anche loro.<\/strong><\/p>\n<p><strong>Vuoi scoprire dove cantare con noi?<\/strong><\/p>\n<p>Per informazioni sui cori di bambini, le fasce d\u2019et\u00e0, le sedi e gli orari, <strong>clicca qui \u2192 [link ai cori di bambini]<\/strong>.<\/p>\n<\/div>\n<\/div>\n<\/div>\n<\/div>\n<\/div>\n<\/div>\n<\/div>\n<\/div>\n<\/div>\n<\/div>\n\n\n<iframe loading=\"lazy\" width=\"560\" height=\"315\" src=\"https:\/\/www.youtube.com\/embed\/c23zYDHLFtU?si=FsZmvQpdeDrrAMKG\" title=\"YouTube video player\" frameborder=\"0\" allow=\"accelerometer; autoplay; clipboard-write; encrypted-media; gyroscope; picture-in-picture; web-share\" referrerpolicy=\"strict-origin-when-cross-origin\" allowfullscreen><\/iframe>\n","protected":false},"excerpt":{"rendered":"<p>Coro Adulti Il mio incontro con la direzione corale \u00e8 nato quasi per [&hellip;]<\/p>\n","protected":false},"author":1,"featured_media":0,"parent":0,"menu_order":0,"comment_status":"closed","ping_status":"closed","template":"page-templates\/full-width-page.php","meta":{"pgc_sgb_lightbox_settings":"","footnotes":""},"class_list":["post-100","page","type-page","status-publish","hentry"],"_links":{"self":[{"href":"https:\/\/maria-anelli.com\/index.php\/wp-json\/wp\/v2\/pages\/100","targetHints":{"allow":["GET"]}}],"collection":[{"href":"https:\/\/maria-anelli.com\/index.php\/wp-json\/wp\/v2\/pages"}],"about":[{"href":"https:\/\/maria-anelli.com\/index.php\/wp-json\/wp\/v2\/types\/page"}],"author":[{"embeddable":true,"href":"https:\/\/maria-anelli.com\/index.php\/wp-json\/wp\/v2\/users\/1"}],"replies":[{"embeddable":true,"href":"https:\/\/maria-anelli.com\/index.php\/wp-json\/wp\/v2\/comments?post=100"}],"version-history":[{"count":17,"href":"https:\/\/maria-anelli.com\/index.php\/wp-json\/wp\/v2\/pages\/100\/revisions"}],"predecessor-version":[{"id":1226,"href":"https:\/\/maria-anelli.com\/index.php\/wp-json\/wp\/v2\/pages\/100\/revisions\/1226"}],"wp:attachment":[{"href":"https:\/\/maria-anelli.com\/index.php\/wp-json\/wp\/v2\/media?parent=100"}],"curies":[{"name":"wp","href":"https:\/\/api.w.org\/{rel}","templated":true}]}}

<div class="style-782 style-local-100-c1 position-relative" data-colibri-id="100-c1">
<div id="initial-content" class="h-section h-section-global-spacing d-flex align-items-lg-center align-items-md-center align-items-center style-783 style-local-100-c2 position-relative" data-colibri-component="section" data-colibri-id="100-c2"><br />
<div class="h-section-grid-container h-section-boxed-container">
<div class="h-row-container gutters-row-lg-0 gutters-row-md-0 gutters-row-0 gutters-row-v-lg-0 gutters-row-v-md-0 gutters-row-v-0 style-791 style-local-100-c3 position-relative" data-colibri-id="100-c3">
<div class="h-row justify-content-lg-center justify-content-md-center justify-content-center align-items-lg-stretch align-items-md-stretch align-items-stretch gutters-col-lg-0 gutters-col-md-0 gutters-col-0 gutters-col-v-lg-0 gutters-col-v-md-0 gutters-col-v-0">
<div class="h-column h-column-container d-flex h-col-lg-auto h-col-md-auto h-col-auto style-792-outer style-local-100-c4-outer">
<div class="d-flex h-flex-basis h-column__inner h-px-lg-0 h-px-md-0 h-px-0 v-inner-lg-0 v-inner-md-0 v-inner-0 style-792 style-local-100-c4 position-relative" data-colibri-id="100-c4">
<div class="w-100 h-y-container h-column__content h-column__v-align flex-basis-100 align-self-lg-start align-self-md-start align-self-start">
<div class="h-global-transition-all h-heading style-794 style-local-100-c5 position-relative h-element" data-colibri-id="100-c5">
<div class="h-heading__outer style-794 style-local-100-c5">
<h2 class="">Coro Adulti</h2>
</div>
</div>
</div>
</div>
</div>
</div>
</div>
<div class="h-row-container gutters-row-lg-0 gutters-row-md-0 gutters-row-0 gutters-row-v-lg-0 gutters-row-v-md-0 gutters-row-v-0 style-795 style-local-100-c6 position-relative" data-colibri-id="100-c6">
<div class="h-row justify-content-lg-center justify-content-md-center justify-content-center align-items-lg-stretch align-items-md-stretch align-items-stretch gutters-col-lg-0 gutters-col-md-0 gutters-col-0 gutters-col-v-lg-0 gutters-col-v-md-0 gutters-col-v-0">
<div class="h-column h-column-container d-flex h-col-lg-auto h-col-md-auto h-col-auto style-796-outer style-local-100-c7-outer">
<div class="d-flex h-flex-basis h-column__inner h-px-lg-0 h-px-md-0 h-px-0 v-inner-lg-0 v-inner-md-0 v-inner-0 style-796 style-local-100-c7 position-relative" data-colibri-id="100-c7"><br />
<div class="w-100 h-y-container h-column__content h-column__v-align flex-basis-100 align-self-lg-start align-self-md-start align-self-start">
<div class="h-text h-text-component style-798 style-local-100-c8 position-relative h-element" data-colibri-id="100-c8"><br />
<div class="">
<p>Il mio incontro con la direzione corale è nato quasi per caso. </p>
<p>Dal 2011 ho avuto la possibilità di occuparmi della preparazione vocale del coro di Forum Italia presso l’Istituto Italiano di Cultura di Monaco di Baviera. </p>
<p>Da quell’esperienza è nata una passione che mi ha portata, negli anni, a studiare e approfondire questa meravigliosa e affascinante disciplina.</p>
<p>Da allora sono nati e cresciuti diversi cori: presso l’Istituto Italiano di Cultura di Monaco, nelle sedi Caritas di Holzkirchen e Baldham e, per un periodo più breve, presso le Volkshochschulen di Grafing e Markt Schwaben.</p>
<p>Dirigere un coro significa per me molto più che insegnare le note di una partitura. Significa ascoltare, respirare insieme, conoscere la propria voce e imparare a unirla a quella degli altri, armonizzandola senza perdere la propria<br />individualità: tante voci diverse che imparano a diventare un unico suono.</p>
<p>Ho ancora tanto da imparare — e credo che sia proprio questo a rendere questo percorso così affascinante.</p>
<p>Nel frattempo facciamo musica. Forse non sempre perfetta, ma capace di regalarci emozioni, condivisione e tanta felicità.</p>
<p>Vuoi cantare con noi?</p>
<p>Per informazioni sui cori, gli orari, le sedi e le modalità di partecipazione, clicca qui → [link ai cori].</p>
</div>
</div>
</div>
</div>
</div>
</div>
</div>
<div class="h-row-container gutters-row-lg-2 gutters-row-md-2 gutters-row-0 gutters-row-v-lg-2 gutters-row-v-md-2 gutters-row-v-2 style-803 style-local-100-c9 position-relative" data-colibri-id="100-c9">
<div class="h-row justify-content-lg-center justify-content-md-center justify-content-center align-items-lg-stretch align-items-md-stretch align-items-stretch gutters-col-lg-2 gutters-col-md-2 gutters-col-0 gutters-col-v-lg-2 gutters-col-v-md-2 gutters-col-v-2">
<div class="h-column h-column-container d-flex h-col-lg-auto h-col-md-auto h-col-auto style-804-outer style-local-100-c10-outer">
<div class="d-flex h-flex-basis h-column__inner h-px-lg-0 h-px-md-0 h-px-0 v-inner-lg-0 v-inner-md-0 v-inner-0 style-804 style-local-100-c10 position-relative" data-colibri-id="100-c10"><br />
<div class="w-100 h-y-container h-column__content h-column__v-align flex-basis-100 align-self-lg-start align-self-md-start align-self-start">
<div class="h-global-transition-all h-heading style-806 style-local-100-c11 position-relative h-element" data-colibri-id="100-c11">
<div class="h-heading__outer style-806 style-local-100-c11"><br />
<h2 class="">Coro bambini</h2>
</div>
</div>
</div>
</div>
</div>
</div>
</div>
<div class="h-row-container gutters-row-lg-0 gutters-row-md-0 gutters-row-0 gutters-row-v-lg-0 gutters-row-v-md-0 gutters-row-v-0 style-799 style-local-100-c12 position-relative" data-colibri-id="100-c12">
<div class="h-row justify-content-lg-center justify-content-md-center justify-content-center align-items-lg-stretch align-items-md-stretch align-items-stretch gutters-col-lg-0 gutters-col-md-0 gutters-col-0 gutters-col-v-lg-0 gutters-col-v-md-0 gutters-col-v-0">
<div class="h-column h-column-container d-flex h-col-lg-auto h-col-md-auto h-col-auto style-800-outer style-local-100-c13-outer">
<div class="d-flex h-flex-basis h-column__inner h-px-lg-0 h-px-md-0 h-px-0 v-inner-lg-0 v-inner-md-0 v-inner-0 style-800 style-local-100-c13 position-relative" data-colibri-id="100-c13"><br />
<div class="w-100 h-y-container h-column__content h-column__v-align flex-basis-100 align-self-lg-start align-self-md-start align-self-start">
<div class="h-text h-text-component style-802 style-local-100-c14 position-relative h-element" data-colibri-id="100-c14"><br />
<div class="">
<p>Far cantare i bambini è sempre stato qualcosa di naturale per me. Quando arrivai a Monaco nel <strong>2005</strong>, trovai quasi subito lavoro come insegnante di musica presso una famiglia, in cambio di una stanza. Fu un piccolo sogno:<br />vivevo nella mansarda di una grande casa e insegnavo musica a tre bambini. <strong>Un vero spasso!</strong></p>
<p>Fu proprio allora che scoprii qualcosa che negli anni avrei ritrovato tante volte: i bambini mi seguivano con entusiasmo. <strong>Era come se la musica creasse tra noi un filo invisibile: io iniziavo a cantare e loro, quasi naturalmente, entravano nel gioco e mi seguivano.</strong></p>
<p>Da quell’esperienza arrivò il lavoro in un asilo e, successivamente, la proposta di Forum Italia, presso l’Istituto Italiano di Cultura di Monaco, di creare un coro di bambini. Ne nacquero addirittura tre, suddivisi per fasce d’età,<br />dai <strong>3 ai 15 anni</strong>. In seguito sono arrivati altri cori presso la scuola italo-tedesca Leonardo da Vinci e presso la Scuola Europea di Monaco.</p>
<p>Oggi posso dire che lavorare musicalmente con i bambini è una delle attività che più mi appartengono e che più mi divertono.</p>
<p>Credo sia fondamentale <strong>dare ai bambini un buon esempio vocale</strong>. Se ascoltano un suono sostenuto da una corretta tecnica, cercano spontaneamente di riprodurlo, naturalmente secondo le possibilità della loro voce e della<br />loro età. La mia voce è certamente uno degli strumenti del mio insegnamento, ma penso che la mia forza sia anche <strong>l’energia che riesco a trasmettere e la fiducia che, poco alla volta, i bambini imparano ad avere in se stessi e nelle proprie capacità.</strong></p>
<p>Fare lezione con me, però, <strong>non è proprio una passeggiata!</strong> Chiedo molto: attenzione, flessibilità vocale e motoria, capacità di ascolto, fantasia e improvvisazione. Ma tutto avviene attraverso la musica, il movimento<br />e il gioco. Ed è bellissimo vedere quanto i bambini riescano a dare quando sentono che qualcuno crede nelle loro possibilità.</p>
<p><strong>I risultati riescono sempre a sorprendermi. E credo che sorprendano anche loro.</strong></p>
<p><strong>Vuoi scoprire dove cantare con noi?</strong></p>
<p>Per informazioni sui cori di bambini, le fasce d’età, le sedi e gli orari, <strong>clicca qui → [link ai cori di bambini]</strong>.</p>
</div>
</div>
</div>
</div>
</div>
</div>
</div>
</div>
</div>
</div>


<iframe loading="lazy" width="560" height="315" src="https://www.youtube.com/embed/c23zYDHLFtU?si=FsZmvQpdeDrrAMKG" title="YouTube video player" frameborder="0" allow="accelerometer; autoplay; clipboard-write; encrypted-media; gyroscope; picture-in-picture; web-share" referrerpolicy="strict-origin-when-cross-origin" allowfullscreen></iframe>

<p>Coro Adulti Il mio incontro con la direzione corale è nato quasi per [&hellip;]</p>
