{"id":189,"date":"2026-07-04T18:50:58","date_gmt":"2026-07-04T18:50:58","guid":{"rendered":"https:\/\/maria-anelli.com\/?page_id=189"},"modified":"2026-08-26T13:51:04","modified_gmt":"2026-08-26T13:51:04","slug":"lezioni-di-canto","status":"publish","type":"page","link":"https:\/\/maria-anelli.com\/index.php\/lezioni-di-canto\/","title":{"rendered":"Lezioni di canto"},"content":{"rendered":"<div class=\"style-366 style-local-189-c1 position-relative\" data-colibri-id=\"189-c1\">\n<div id=\"custom\" class=\"h-section h-section-global-spacing d-flex align-items-lg-center align-items-md-center align-items-center style-371 style-local-189-c2 position-relative\" data-colibri-component=\"section\" data-colibri-id=\"189-c2\"><br \/>\n<div class=\"h-section-grid-container h-section-boxed-container\">\n<div class=\"h-row-container gutters-row-lg-0 gutters-row-md-0 gutters-row-0 gutters-row-v-lg-0 gutters-row-v-md-0 gutters-row-v-0 style-372 style-local-189-c3 position-relative\" data-colibri-id=\"189-c3\">\n<div class=\"h-row justify-content-lg-center justify-content-md-center justify-content-center align-items-lg-stretch align-items-md-stretch align-items-stretch gutters-col-lg-0 gutters-col-md-0 gutters-col-0 gutters-col-v-lg-0 gutters-col-v-md-0 gutters-col-v-0\">\n<div class=\"h-column h-column-container d-flex h-col-lg-auto h-col-md-auto h-col-auto style-373-outer style-local-189-c4-outer\">\n<div class=\"d-flex h-flex-basis h-column__inner h-px-lg-0 h-px-md-0 h-px-0 v-inner-lg-0 v-inner-md-0 v-inner-0 style-373 style-local-189-c4 position-relative\" data-colibri-id=\"189-c4\"><br \/>\n<div class=\"w-100 h-y-container h-column__content h-column__v-align flex-basis-100 align-self-lg-start align-self-md-start align-self-start\">\n<div class=\"h-text h-text-component style-374 style-local-189-c5 position-relative h-element\" data-colibri-id=\"189-c5\">\n<div class=\"\">\n<p>Insegnare \u00e8 una passione, ma anche una missione. Desidero donare agli altri ci\u00f2 che ha reso la mia vita pi\u00f9 ricca e pi\u00f9 bella:\u00a0<strong>la musica<\/strong>.<\/p>\n<p>Credo profondamente che la musica debba essere accessibile a tutti. Per questo il mio motto \u00e8 semplice:<\/p>\n<p>Tutti possono cantare.<\/p>\n<p>Per me non esistono et\u00e0, livelli, generi musicali o limiti prestabiliti. Ogni voce \u00e8 unica e ogni persona possiede un potenziale che merita di essere scoperto e valorizzato.<\/p>\n<p><strong>Il compito dell&#8217;insegnante \u00e8 trovare la strada giusta per ogni allievo.<\/strong>\u00a0Significa ascoltare, comprendere, rendere semplici anche i concetti pi\u00f9 complessi e costruire insieme una tecnica solida che permetta alla<br \/>voce di esprimersi con naturalezza, nel rispetto delle caratteristiche e dei tempi di ciascuno.<\/p>\n<p>Ogni percorso \u00e8 diverso. I risultati dipendono dalle qualit\u00e0 vocali individuali, dal punto di partenza, dalla costanza nello studio e, soprattutto, dalla curiosit\u00e0 e dal desiderio di mettersi in gioco. Con pazienza, metodo e lavoro<br \/>costante, ogni allievo pu\u00f2 migliorare la propria voce e imparare a usarla in modo sano, libero e consapevole.<\/p>\n<p>Metto a disposizione le mie competenze, l&#8217;esperienza maturata sul palcoscenico e nell&#8217;insegnamento, ma soprattutto la convinzione che ogni persona abbia il diritto di vivere la gioia del canto e di scoprire le potenzialit\u00e0 della propria<br \/>voce.<\/p>\n<p>Pazienza, ascolto e comprensione sono i valori che guidano ogni mia lezione. La voce \u00e8 uno strumento delicato e complesso, ma \u00e8 anche il pi\u00f9 umano di tutti: nasce dentro di noi, racconta chi siamo e d\u00e0 forma alle nostre emozioni.<\/p>\n<p>Per questo insegnare canto, per me, significa molto pi\u00f9 che trasmettere una tecnica. Significa accompagnare ogni persona in un percorso di crescita, aiutandola a conoscere s\u00e9 stessa attraverso la propria voce e a vivere la musica con<br \/>libert\u00e0, consapevolezza e gioia.<\/p>\n<\/div>\n<\/div>\n<\/div>\n<\/div>\n<\/div>\n<\/div>\n<\/div>\n<div class=\"h-row-container gutters-row-lg-2 gutters-row-md-2 gutters-row-0 gutters-row-v-lg-2 gutters-row-v-md-2 gutters-row-v-2 style-814 style-local-189-c6 position-relative\" data-colibri-id=\"189-c6\">\n<div class=\"h-row justify-content-lg-center justify-content-md-center justify-content-center align-items-lg-stretch align-items-md-stretch align-items-stretch gutters-col-lg-2 gutters-col-md-2 gutters-col-0 gutters-col-v-lg-2 gutters-col-v-md-2 gutters-col-v-2\">\n<div class=\"h-column h-column-container d-flex h-col-lg-auto h-col-md-auto h-col-auto style-815-outer style-local-189-c7-outer\">\n<div class=\"d-flex h-flex-basis h-column__inner h-px-lg-2 h-px-md-2 h-px-2 v-inner-lg-2 v-inner-md-2 v-inner-2 style-815 style-local-189-c7 position-relative\" data-colibri-id=\"189-c7\"><br \/>\n<div class=\"w-100 h-y-container h-column__content h-column__v-align flex-basis-100 align-self-lg-start align-self-md-start align-self-start\">\n<div class=\"h-text h-text-component style-817 style-local-189-c8 position-relative h-element\" data-colibri-id=\"189-c8\"><br \/>\n<div class=\"\">\n<h3>Concerti nelle case di riposo<\/h3>\n<p>Uno dei principi che guida il mio lavoro \u00e8\u00a0<strong>portare la musica a tutti<\/strong>, anche a chi ha meno possibilit\u00e0 di frequentare teatri e sale da concerto.<\/p>\n<p>Da anni i nostri concerti alla\u00a0<strong>Haus Heilig Geist di Monaco di Baviera<\/strong>\u00a0sono diventati un appuntamento fisso e molto atteso dagli ospiti.<\/p>\n<p>\u00c8 un\u2019esperienza preziosa per entrambe le parti:\u00a0<strong>gli allievi hanno l\u2019opportunit\u00e0 di esibirsi davanti a un pubblico, fare esperienza e imparare a comunicare attraverso il canto<\/strong>; gli anziani ricevono la nostra visita<br \/>e possono trascorrere un pomeriggio diverso, fatto di musica, compagnia, emozioni e ricordi.<\/p>\n<\/div>\n<\/div>\n<\/div>\n<\/div>\n<\/div>\n<\/div>\n<\/div>\n<\/div>\n<\/div>\n<\/div>\n\n\n<iframe loading=\"lazy\" width=\"560\" height=\"315\" src=\"https:\/\/www.youtube.com\/embed\/Qw5TFo8KBdY?si=lqe-2ZQd3qC1JbLf\" title=\"YouTube video player\" frameborder=\"0\" allow=\"accelerometer; autoplay; clipboard-write; encrypted-media; gyroscope; picture-in-picture; web-share\" referrerpolicy=\"strict-origin-when-cross-origin\" allowfullscreen><\/iframe>\n","protected":false},"excerpt":{"rendered":"<p>Insegnare \u00e8 una passione, ma anche una missione. Desidero donare agli altri ci\u00f2 [&hellip;]<\/p>\n","protected":false},"author":1,"featured_media":226,"parent":0,"menu_order":0,"comment_status":"closed","ping_status":"closed","template":"page-templates\/full-width-page.php","meta":{"pgc_sgb_lightbox_settings":"","footnotes":""},"class_list":["post-189","page","type-page","status-publish","has-post-thumbnail","hentry"],"_links":{"self":[{"href":"https:\/\/maria-anelli.com\/index.php\/wp-json\/wp\/v2\/pages\/189","targetHints":{"allow":["GET"]}}],"collection":[{"href":"https:\/\/maria-anelli.com\/index.php\/wp-json\/wp\/v2\/pages"}],"about":[{"href":"https:\/\/maria-anelli.com\/index.php\/wp-json\/wp\/v2\/types\/page"}],"author":[{"embeddable":true,"href":"https:\/\/maria-anelli.com\/index.php\/wp-json\/wp\/v2\/users\/1"}],"replies":[{"embeddable":true,"href":"https:\/\/maria-anelli.com\/index.php\/wp-json\/wp\/v2\/comments?post=189"}],"version-history":[{"count":18,"href":"https:\/\/maria-anelli.com\/index.php\/wp-json\/wp\/v2\/pages\/189\/revisions"}],"predecessor-version":[{"id":1262,"href":"https:\/\/maria-anelli.com\/index.php\/wp-json\/wp\/v2\/pages\/189\/revisions\/1262"}],"wp:featuredmedia":[{"embeddable":true,"href":"https:\/\/maria-anelli.com\/index.php\/wp-json\/wp\/v2\/media\/226"}],"wp:attachment":[{"href":"https:\/\/maria-anelli.com\/index.php\/wp-json\/wp\/v2\/media?parent=189"}],"curies":[{"name":"wp","href":"https:\/\/api.w.org\/{rel}","templated":true}]}}

<div class="style-366 style-local-189-c1 position-relative" data-colibri-id="189-c1">
<div id="custom" class="h-section h-section-global-spacing d-flex align-items-lg-center align-items-md-center align-items-center style-371 style-local-189-c2 position-relative" data-colibri-component="section" data-colibri-id="189-c2"><br />
<div class="h-section-grid-container h-section-boxed-container">
<div class="h-row-container gutters-row-lg-0 gutters-row-md-0 gutters-row-0 gutters-row-v-lg-0 gutters-row-v-md-0 gutters-row-v-0 style-372 style-local-189-c3 position-relative" data-colibri-id="189-c3">
<div class="h-row justify-content-lg-center justify-content-md-center justify-content-center align-items-lg-stretch align-items-md-stretch align-items-stretch gutters-col-lg-0 gutters-col-md-0 gutters-col-0 gutters-col-v-lg-0 gutters-col-v-md-0 gutters-col-v-0">
<div class="h-column h-column-container d-flex h-col-lg-auto h-col-md-auto h-col-auto style-373-outer style-local-189-c4-outer">
<div class="d-flex h-flex-basis h-column__inner h-px-lg-0 h-px-md-0 h-px-0 v-inner-lg-0 v-inner-md-0 v-inner-0 style-373 style-local-189-c4 position-relative" data-colibri-id="189-c4"><br />
<div class="w-100 h-y-container h-column__content h-column__v-align flex-basis-100 align-self-lg-start align-self-md-start align-self-start">
<div class="h-text h-text-component style-374 style-local-189-c5 position-relative h-element" data-colibri-id="189-c5">
<div class="">
<p>Insegnare è una passione, ma anche una missione. Desidero donare agli altri ciò che ha reso la mia vita più ricca e più bella: <strong>la musica</strong>.</p>
<p>Credo profondamente che la musica debba essere accessibile a tutti. Per questo il mio motto è semplice:</p>
<p>Tutti possono cantare.</p>
<p>Per me non esistono età, livelli, generi musicali o limiti prestabiliti. Ogni voce è unica e ogni persona possiede un potenziale che merita di essere scoperto e valorizzato.</p>
<p><strong>Il compito dell&#8217;insegnante è trovare la strada giusta per ogni allievo.</strong> Significa ascoltare, comprendere, rendere semplici anche i concetti più complessi e costruire insieme una tecnica solida che permetta alla<br />voce di esprimersi con naturalezza, nel rispetto delle caratteristiche e dei tempi di ciascuno.</p>
<p>Ogni percorso è diverso. I risultati dipendono dalle qualità vocali individuali, dal punto di partenza, dalla costanza nello studio e, soprattutto, dalla curiosità e dal desiderio di mettersi in gioco. Con pazienza, metodo e lavoro<br />costante, ogni allievo può migliorare la propria voce e imparare a usarla in modo sano, libero e consapevole.</p>
<p>Metto a disposizione le mie competenze, l&#8217;esperienza maturata sul palcoscenico e nell&#8217;insegnamento, ma soprattutto la convinzione che ogni persona abbia il diritto di vivere la gioia del canto e di scoprire le potenzialità della propria<br />voce.</p>
<p>Pazienza, ascolto e comprensione sono i valori che guidano ogni mia lezione. La voce è uno strumento delicato e complesso, ma è anche il più umano di tutti: nasce dentro di noi, racconta chi siamo e dà forma alle nostre emozioni.</p>
<p>Per questo insegnare canto, per me, significa molto più che trasmettere una tecnica. Significa accompagnare ogni persona in un percorso di crescita, aiutandola a conoscere sé stessa attraverso la propria voce e a vivere la musica con<br />libertà, consapevolezza e gioia.</p>
</div>
</div>
</div>
</div>
</div>
</div>
</div>
<div class="h-row-container gutters-row-lg-2 gutters-row-md-2 gutters-row-0 gutters-row-v-lg-2 gutters-row-v-md-2 gutters-row-v-2 style-814 style-local-189-c6 position-relative" data-colibri-id="189-c6">
<div class="h-row justify-content-lg-center justify-content-md-center justify-content-center align-items-lg-stretch align-items-md-stretch align-items-stretch gutters-col-lg-2 gutters-col-md-2 gutters-col-0 gutters-col-v-lg-2 gutters-col-v-md-2 gutters-col-v-2">
<div class="h-column h-column-container d-flex h-col-lg-auto h-col-md-auto h-col-auto style-815-outer style-local-189-c7-outer">
<div class="d-flex h-flex-basis h-column__inner h-px-lg-2 h-px-md-2 h-px-2 v-inner-lg-2 v-inner-md-2 v-inner-2 style-815 style-local-189-c7 position-relative" data-colibri-id="189-c7"><br />
<div class="w-100 h-y-container h-column__content h-column__v-align flex-basis-100 align-self-lg-start align-self-md-start align-self-start">
<div class="h-text h-text-component style-817 style-local-189-c8 position-relative h-element" data-colibri-id="189-c8"><br />
<div class="">
<h3>Concerti nelle case di riposo</h3>
<p>Uno dei principi che guida il mio lavoro è <strong>portare la musica a tutti</strong>, anche a chi ha meno possibilità di frequentare teatri e sale da concerto.</p>
<p>Da anni i nostri concerti alla <strong>Haus Heilig Geist di Monaco di Baviera</strong> sono diventati un appuntamento fisso e molto atteso dagli ospiti.</p>
<p>È un’esperienza preziosa per entrambe le parti: <strong>gli allievi hanno l’opportunità di esibirsi davanti a un pubblico, fare esperienza e imparare a comunicare attraverso il canto</strong>; gli anziani ricevono la nostra visita<br />e possono trascorrere un pomeriggio diverso, fatto di musica, compagnia, emozioni e ricordi.</p>
</div>
</div>
</div>
</div>
</div>
</div>
</div>
</div>
</div>
</div>


<iframe loading="lazy" width="560" height="315" src="https://www.youtube.com/embed/Qw5TFo8KBdY?si=lqe-2ZQd3qC1JbLf" title="YouTube video player" frameborder="0" allow="accelerometer; autoplay; clipboard-write; encrypted-media; gyroscope; picture-in-picture; web-share" referrerpolicy="strict-origin-when-cross-origin" allowfullscreen></iframe>

<p>Insegnare è una passione, ma anche una missione. Desidero donare agli altri ciò [&hellip;]</p>
